what is -2 + 3a8645?
3a8643
In base 3, what is 2100 + 1010?
10110
In base 5, what is -113002114 + -4?
-113002123
In base 9, what is -1486754 - 2?
-1486756
In base 4, what is -1110 - 2131?
-3301
In base 13, what is a15 + 42?
a57
In base 11, what is 4481 + 54?
4525
In base 4, what is -12302202 - 132?
-12303000
In base 4, what is -20112130 - 201?
-20112331
In base 6, what is -202 + -1544?
-2150
In base 11, what is 399952 - 4?
399949
In base 9, what is 552 + -2?
550
In base 12, what is 1587 - -b?
1596
In base 7, what is 666255 + 20?
666305
In base 15, what is -1604 + 0?
-1604
In base 11, what is -1080 + -97?
-1167
In base 11, what is -50 - -18635?
18595
In base 8, what is 0 - -1664400?
1664400
In base 14, what is -c8a + -136?
-dc2
In base 12, what is 285a82 + -3?
285a7b
In base 14, what is c22557 - 5?
c22552
In base 12, what is -402 + -2a2?
-6a4
In base 7, what is -2 - 226310?
-226312
In base 14, what is 11d + 896?
9b5
In base 6, what is -41521 - 11?
-41532
In base 3, what is -11 + 1011010212?
1011010201
In base 12, what is -193 + -33b9?
-3590
In base 13, what is -2 + 15445?
15443
In base 11, what is a + -26135?
-26126
In base 6, what is 350 - -53?
443
In base 13, what is 36 + -b2?
-79
In base 13, what is 3 + 684a?
6850
In base 9, what is -5 - -15761?
15755
In base 14, what is -2937 - -5?
-2932
In base 3, what is 2 - -112221112?
112221121
In base 15, what is 6536 + -7?
652e
In base 6, what is 2104 + -153?
1511
In base 15, what is -1 + 117ad?
117ac
In base 2, what is -11111100010001011 + 1110?
-11111100001111101
In base 7, what is -122540202 + 2?
-122540200
In base 3, what is -21112 + -1120?
-100002
In base 9, what is 70 + -4733?
-4653
In base 15, what is 159449 - 4?
159445
In base 10, what is -4 - 50134?
-50138
In base 6, what is -23 + -30122?
-30145
In base 15, what is -40 + -798?
-7d8
In base 10, what is 404 + 43?
447
In base 3, what is 2112 - 2010110?
-2000221
In base 14, what is -9 - 3316?
-3321
In base 7, what is 546 + -1320?
-441
In base 11, what is -4537 - 33?
-456a
In base 10, what is -103 + 2935?
2832
In base 7, what is -1234 - 13?
-1250
In base 11, what is 0 + -19a8a9?
-19a8a9
In base 6, what is -3 - 35011?
-35014
In base 4, what is -11 + 2023121?
2023110
In base 13, what is 6 - -62c0?
62c6
In base 12, what is 212 + 27?
239
In base 14, what is -32a + -36?
-362
In base 9, what is 2338 + 15?
2354
In base 2, what is -101000000 - -10101010?
-10010110
In base 12, what is -15b00 + 1?
-15abb
In base 8, what is 3 - 27701?
-27676
In base 2, what is -11001110011 + -11000001111?
-110010000010
In base 12, what is 5 - -54046?
5404b
In base 16, what is 36f85 - -4?
36f89
In base 12, what is -2 - -102b68?
102b66
In base 12, what is -9bb + b?
-9b0
In base 10, what is 6031 + -2?
6029
In base 15, what is 1e8e6 + 2?
1e8e8
In base 13, what is 16a14 + 5?
16a19
In base 13, what is -7884 - -4?
-7880
In base 14, what is -3a10 - -8?
-3a06
In base 14, what is -22 + -1048d?
-104b1
In base 5, what is 1314330 - 1?
1314324
In base 11, what is -20 - 7662?
-7682
In base 12, what is 1616a - -5?
16173
In base 5, what is 3 - -20014302?
20014310
In base 4, what is 112110033 + -3?
112110030
In base 5, what is 334 + -220231?
-214342
In base 13, what is -16a9 - 8?
-16b4
In base 13, what is 6c8 + -11?
6b7
In base 13, what is 6843 - 5?
683b
In base 5, what is -441010 + 40?
-440420
In base 4, what is 121032110 - 10?
121032100
In base 13, what is 23 - 2876?
-2853
In base 4, what is -3311130120 - -1?
-3311130113
In base 9, what is 5708 + 2?
5711
In base 16, what is -37 + 279?
242
In base 15, what is -1cb + -250?
-42b
In base 12, what is -5 + -214322?
-214327
In base 6, what is -51 - 304243?
-304334
In base 15, what is 2adb2 - -3?
2adb5
In base 16, what is d - -529?
536
In base 15, what is -644 + -a?
-64e
In base 9, what is 27 + 751?
778
In base 3, what is 11211 + -121110?
-102122
In base 4, what is -1 - -123230220?
123230213
In base 13, what is 21212 + -4?
2120b
In base 12, what is -14226a - -1?
-142269
In base 10, what is -3 + 13965?
13962
In base 14, what is -18b9c + 3?
-18b99
In base 11, what is a + -308661?
-308652
In base 2, what is -1 + -101101110111101?
-101101110111110
In base 14, what is 1879 + 1c?
1897
In base 11, what is -14 + a5806?
a57a2
In base 5, what is -11 + 420243?
420232
In base 8, what is -125761 - -1?
-125760
In base 10, what is 11 + -4391?
-4380
In base 9, what is -17204 + 7?
-17186
In base 13, what is -4 - -bc19a?
bc196
In base 11, what is 160 - -605?
765
In base 11, what is -7 - a004?
-a010
In base 14, what is 3 - 28d967?
-28d964
In base 15, what is 4a + 1790?
17da
In base 3, what is 1202111112 + -10?
1202111102
In base 2, what is 1 + 10100000000011?
10100000000100
In base 4, what is 2 + 13311330?
13311332
In base 6, what is 5154302 + 4?
5154310
In base 3, what is -22120211 - 1?
-22120212
In base 3, what is -20021112010021 + -11?
-20021112010102
In base 5, what is 432 - -24332?
30314
In base 14, what is -1d4 + 1d?
-1b5
In base 3, what is -102012210 + -2110?
-102022020
In base 6, what is 1041 - -103?
1144
In base 5, what is -10 - -14210003?
14204443
In base 7, what is 62026 + 243?
62302
In base 5, what is -14332 + -33?
-14420
In base 3, what is -10 - -20001200122?
20001200112
In base 2, what is 111011 + -100111000010?
-100110000111
In base 12, what is -19 - -1136a4?
113687
In base 8, what is -500 + 40?
-440
In base 16, what is -406 - -6c?
-39a
In base 16, what is -1c + -edfa?
-ee16
In base 2, what is 10 + 110110110011011?
110110110011101
In base 16, what is 232f1 + -5?
232ec
In base 9, what is 824 - -16?
841
In base 3, what is 12 - -100210021022?
100210021111
In base 12, what is b9a369 + -5?
b9a364
In base 2, what is -10111011110010100 - 1001?
-10111011110011101
In base 2, what is -101 - -10000111111000?
10000111110011
In base 12, what is -114 + -1a95?
-1ba9
In base 12, what is 0 + -1b6776?
-1b6776
In base 15, what is 2 - -479e0?
479e2
In base 16, what is -2 - cde5?
-cde7
In base 11, what is 1 - 27187?
-27186
In base 2, what is -10001001111000100 - 11?
-10001001111000111
In base 6, what is -22 + 413030?
413004
In base 7, what is -1034 - -34353?
33316
In base 5, what is 21034 - 121?
20413
In base 9, what is 17 + -338054?
-338036
In base 16, what is -3 + fb26f?
fb26c
In base 12, what is -12b6 - -6?
-12b0
In base 9, what is 3 - -58771?
58774
In base 11, what is 21613 - 1?
21612
In base 14, what is 2 + 486?
488
In base 8, what is 1630355 - 4?
1630351
In base 10, what is -8 - -3453?
3445
In base 5, what is 11 - -43423204?
43423220
In base 8, what is -25 + 1035?
1010
In base 9, what is -601 - 2317?
-3018
In base 8, what is 1 - 402015?
-402014
In base 14, what is 410ba - 0?
410ba
In base 13, what is 4 - -48a4a?
48a51
In base 2, what is 100111100 + 10101?
101010001
In base 15, what is 26c24 - 5?
26c1e
In base 10, what is -2 - 25808?
-25810
In base 6, what is -14 - 2014401?
-2014415
In base 8, what is -60227 - 0?
-60227
In base 2, what is 1010010111101 - -111?
1010011000100
In base 5, what is -212341 + -32?
-212423
In base 15, what is 3eaa2 + 0?
3eaa2
In base 13, what is -1 + -16c23?
-16c24
In base 10, what is -56287 + 3?
-56284
In base 14, what is 0 + -d10?
-d10
In base 15, what is 2621 - 8?
2618
In base 4, what is 1300022 - -1?
1300023
In base 8, what is 2 - 314313?
-314311
In base 10, what is 69 - 11457?
-11388
In base 4, what is 221221 + 11?
221232
In base 15, what is 304 + -5c?
297
In base 13, what is 0 + 60700?
60700
In base 16, what is 757 + -26?
731
In base 3, what is 222200 - 11021?
211102
In base 9, what is -1603365 + -5?
-1603371
In base 15, what is -23 + -141e?
-1442
In base 3, what is -100 - -12122120?
12122020
In base 5, what is -20 + -140?
-210
In base 9, what is 852 - 2276?
-1324
In base 4, what is 10 - 110100?
-110030
In base 11, what is -847 - 48?
-894
In base 4, what is 12012300030 + -1?
12012300023
In base 9, what is 13 - -83?
106
In base 16, what is -7 + -6a73?
-6a7a
In base 16, what is -3 - 265ab?
-265ae
In base 15, what is -12dc4 - 6?
-12dca
In base 9, what is 4 + 10318?
10323
In base 14, what is 83bc - -1?
83bd
In base 13, what is -8 - 23653?
-2365b
In base 3, what is 20 + 201002102102?
201002102122
In base 12, what is 15 - -653?
668
In base 9, what is -8 + 12135?
12126
In base 16, what is -e + -1355?
-1363
In base 16, what is -1a47 + -19?